{"id":384,"date":"2023-03-28T09:03:27","date_gmt":"2023-03-28T08:03:27","guid":{"rendered":"https:\/\/polymnia-revue.univ-lille.fr\/?page_id=384"},"modified":"2023-03-31T09:35:34","modified_gmt":"2023-03-31T08:35:34","slug":"numero-7-2022","status":"publish","type":"page","link":"https:\/\/polymnia-revue.univ-lille.fr\/index.php\/numero-7-2022\/","title":{"rendered":"Num\u00e9ro 7 | 2022"},"content":{"rendered":"\r\n<p><strong>Charles Delattre <span style=\"color: #e08c1b;\"><strong>Pr\u00e9sentation<\/strong><\/span><\/strong> [<a href=\"https:\/\/polymnia-revue.univ-lille.fr\/pdf\/2022\/Polymnia-7-2022-Presentation-Delattre.pdf\">Texte int\u00e9gral<\/a>]<\/p>\r\n\r\n\r\n\r\n<p><strong>Marcos Martinho\u00a0<span style=\"color: #e08c1b;\"><strong>Te\u00e1genes de R\u00e9gio e Metrodoro de L\u00e2mpsaco. Acerca da paternidade da exegese aleg\u00f3rica dos mitos hom\u00e9rico<\/strong><\/span><\/strong> [<a href=\"https:\/\/polymnia-revue.univ-lille.fr\/pdf\/2022\/Polymnia-7-2022-1-Martinho-resume.pdf\">R\u00e9sum\u00e9<\/a>][<a href=\"https:\/\/polymnia-revue.univ-lille.fr\/pdf\/2022\/Polymnia-7-2022-1-Martinho.pdf\">Texte int\u00e9gral<\/a>]<\/p>\r\n\r\n\r\n\r\n<p><strong>Scott Smith\u00a0<span style=\"color: #e08c1b;\"><strong>Homer\u2019s <em>Iliad<\/em> and <em>Odyssey<\/em> in Hyginus\u2019 <em>Fabulae<\/em><\/strong><\/span><\/strong> [<a href=\"https:\/\/polymnia-revue.univ-lille.fr\/pdf\/2022\/Polymnia-7-2022-2-Smith-resume.pdf\">R\u00e9sum\u00e9<\/a>][<a href=\"https:\/\/polymnia-revue.univ-lille.fr\/pdf\/2022\/Polymnia-7-2022-2-Smith.pdf\">Texte int\u00e9gral<\/a>]\r\n<p>\r\n\r\n\r\n\r\n<p><strong>Sarah Spence\u00a0<span style=\"color: #e08c1b;\"><strong>The Mythography of Proserpina. Geography and Power<\/strong><\/span><\/strong> [<a href=\"https:\/\/polymnia-revue.univ-lille.fr\/pdf\/2022\/Polymnia-7-2022-3-Spence-resume.pdf\">R\u00e9sum\u00e9<\/a>][<a href=\"https:\/\/polymnia-revue.univ-lille.fr\/pdf\/2022\/Polymnia-7-2022-3-Spence.pdf\">Texte int\u00e9gral<\/a>]<\/p>\r\n\r\n\r\n\r\n<p><strong>Julieta Cardigni <span style=\"color: #e08c1b;\">Una versi\u00f3n tardoantigua de un mito hom\u00e9rico. <em>Concubitus Martis et Veneris<\/em> de Reposiano<\/span><\/strong> [<a href=\"https:\/\/polymnia-revue.univ-lille.fr\/pdf\/2022\/Polymnia-7-2022-4-Cardigni-resume.pdf\">R\u00e9sum\u00e9<\/a>][<a href=\"https:\/\/polymnia-revue.univ-lille.fr\/pdf\/2022\/Polymnia-7-2022-4-Cardigni.pdf\">Texte int\u00e9gral<\/a>]<\/p>\r\n\r\n\r\n\r\n<p><strong>Valeria Flavia Lovato\u00a0<span style=\"color: #e08c1b;\">Porgere l\u2019(altra)\u2026 coscia. Oscuri proverbi bizantini e insoliti fatti troiani<\/span><\/strong> [<a href=\"https:\/\/polymnia-revue.univ-lille.fr\/pdf\/2022\/Polymnia-7-2022-5-Lovato-resume.pdf\">R\u00e9sum\u00e9<\/a>][<a href=\"https:\/\/polymnia-revue.univ-lille.fr\/pdf\/2022\/Polymnia-7-2022-5-Lovato.pdf\">Texte int\u00e9gral<\/a>]<\/p>\r\n\r\n\r\n\r\n<p><strong>Tommaso Braccini\u00a0<span style=\"color: #e08c1b;\">L\u2019anello del Ciclope. L\u2019episodio di Polifemo tra Omero, il <em>Dolopathos<\/em> e il folklore<\/span><\/strong> [<a href=\"https:\/\/polymnia-revue.univ-lille.fr\/pdf\/2022\/Polymnia-7-2022-6-Braccini-resume.pdf\">R\u00e9sum\u00e9<\/a>][<a href=\"https:\/\/polymnia-revue.univ-lille.fr\/pdf\/2022\/Polymnia-7-2022-6-Braccini.pdf\">Texte int\u00e9gral<\/a>]<\/p>\r\n\r\n\r\n\r\n<p><strong>Philip Ford <span style=\"color: #e08c1b;\">Les <em>Probl\u00e8mes hom\u00e9riques<\/em> d\u2019H\u00e9raclite le rh\u00e9teur \u00e0 la Renaissance<\/span><\/strong>\u00a0[<a href=\"https:\/\/polymnia-revue.univ-lille.fr\/pdf\/2022\/Polymnia-7-2022-7-Ford.pdf\">Texte int\u00e9gral<\/a>]<\/p>","protected":false},"excerpt":{"rendered":"<p>Charles Delattre Pr\u00e9sentation [Texte int\u00e9gral] Marcos Martinho\u00a0Te\u00e1genes de R\u00e9gio e Metrodoro de L\u00e2mpsaco. Acerca da paternidade da exegese aleg\u00f3rica dos mitos hom\u00e9rico [R\u00e9sum\u00e9][Texte int\u00e9gral] Scott Smith\u00a0Homer\u2019s Iliad and Odyssey in Hyginus\u2019 Fabulae [R\u00e9sum\u00e9][Texte int\u00e9gral] Sarah Spence\u00a0The Mythography of Proserpina. Geography &hellip; <a href=\"https:\/\/polymnia-revue.univ-lille.fr\/index.php\/numero-7-2022\/\">Continuer la lecture <span class=\"meta-nav\">&rarr;<\/span><\/a><\/p>\n","protected":false},"author":1,"featured_media":0,"parent":0,"menu_order":0,"comment_status":"closed","ping_status":"closed","template":"sidebar-page.php","meta":{"footnotes":""},"class_list":["post-384","page","type-page","status-publish","hentry"],"jetpack_sharing_enabled":true,"_links":{"self":[{"href":"https:\/\/polymnia-revue.univ-lille.fr\/index.php\/wp-json\/wp\/v2\/pages\/384","targetHints":{"allow":["GET"]}}],"collection":[{"href":"https:\/\/polymnia-revue.univ-lille.fr\/index.php\/wp-json\/wp\/v2\/pages"}],"about":[{"href":"https:\/\/polymnia-revue.univ-lille.fr\/index.php\/wp-json\/wp\/v2\/types\/page"}],"author":[{"embeddable":true,"href":"https:\/\/polymnia-revue.univ-lille.fr\/index.php\/wp-json\/wp\/v2\/users\/1"}],"replies":[{"embeddable":true,"href":"https:\/\/polymnia-revue.univ-lille.fr\/index.php\/wp-json\/wp\/v2\/comments?post=384"}],"version-history":[{"count":5,"href":"https:\/\/polymnia-revue.univ-lille.fr\/index.php\/wp-json\/wp\/v2\/pages\/384\/revisions"}],"predecessor-version":[{"id":400,"href":"https:\/\/polymnia-revue.univ-lille.fr\/index.php\/wp-json\/wp\/v2\/pages\/384\/revisions\/400"}],"wp:attachment":[{"href":"https:\/\/polymnia-revue.univ-lille.fr\/index.php\/wp-json\/wp\/v2\/media?parent=384"}],"curies":[{"name":"wp","href":"https:\/\/api.w.org\/{rel}","templated":true}]}}