{"id":244,"date":"2018-07-19T15:10:10","date_gmt":"2018-07-19T14:10:10","guid":{"rendered":"https:\/\/polymnia-revue.univ-lille3.fr\/?page_id=244"},"modified":"2019-05-10T16:16:47","modified_gmt":"2019-05-10T15:16:47","slug":"mentions-legales","status":"publish","type":"page","link":"https:\/\/polymnia-revue.univ-lille.fr\/index.php\/mentions-legales\/","title":{"rendered":"Mentions l\u00e9gales"},"content":{"rendered":"<h4><strong>Identification<\/strong><\/h4>\n<p>Revue Polymnia\u00a0\u2013 ISSN 2491-1704<\/p>\n<p><strong>Ce site est \u00e9dit\u00e9 par :<\/strong><br \/>\nUniversit\u00e9 de Lille<br \/>\n42 rue Paul Duez<br \/>\n59000 Lille<br \/>\nForme juridique\u00a0: \u00e9tablissement public \u00e0 caract\u00e8re scientifique, culturel et professionnel<br \/>\nAdresse \u00e9lectronique : contact at univ-lille.fr \/ olivier.rafidison at univ-lille.fr<\/p>\n<p><strong>Directeur de publication<br \/>\n<\/strong>St\u00e9phane Benoist, Directeur de l\u2019unit\u00e9 HALMA, UMR 8164<\/p>\n<p><strong>R\u00e9dacteur en chef<br \/>\n<\/strong>Jacqueline Fabre-Serris, Professeure de Langue et Litt\u00e9rature latines<br \/>\nCharles Delattre,\u00a0Professeur de langue et litt\u00e9rature grecques antiques<\/p>\n<p><strong>Webmestre<br \/>\n<\/strong>Olivier Rafidison<\/p>\n<p><strong>H\u00e9bergement du site<br \/>\n<\/strong>Centre de Ressources Informatiques<br \/>\nUniversit\u00e9 de Lille<br \/>\nDomaine universitaire du \u00ab\u00a0Pont de Bois rue du Barreau<br \/>\nBP 60149,<br \/>\n59653 Lille<strong><br \/>\n<\/strong><\/p>\n<p><strong>Conception\/R\u00e9alisation<\/strong><br \/>\nOlivier Rafidison<\/p>\n<p><strong>Technologies utilis\u00e9es<\/strong><br \/>\nSyst\u00e8me de gestion de contenu WordPress, th\u00e8me Twenty Eleven<\/p>\n","protected":false},"excerpt":{"rendered":"<p>Identification Revue Polymnia\u00a0\u2013 ISSN 2491-1704 Ce site est \u00e9dit\u00e9 par : Universit\u00e9 de Lille 42 rue Paul Duez 59000 Lille Forme juridique\u00a0: \u00e9tablissement public \u00e0 caract\u00e8re scientifique, culturel et professionnel Adresse \u00e9lectronique : contact at univ-lille.fr \/ olivier.rafidison at univ-lille.fr &hellip; <a href=\"https:\/\/polymnia-revue.univ-lille.fr\/index.php\/mentions-legales\/\">Continuer la lecture <span class=\"meta-nav\">&rarr;<\/span><\/a><\/p>\n","protected":false},"author":1,"featured_media":0,"parent":0,"menu_order":0,"comment_status":"closed","ping_status":"closed","template":"sidebar-page.php","meta":{"footnotes":""},"class_list":["post-244","page","type-page","status-publish","hentry"],"jetpack_sharing_enabled":true,"_links":{"self":[{"href":"https:\/\/polymnia-revue.univ-lille.fr\/index.php\/wp-json\/wp\/v2\/pages\/244","targetHints":{"allow":["GET"]}}],"collection":[{"href":"https:\/\/polymnia-revue.univ-lille.fr\/index.php\/wp-json\/wp\/v2\/pages"}],"about":[{"href":"https:\/\/polymnia-revue.univ-lille.fr\/index.php\/wp-json\/wp\/v2\/types\/page"}],"author":[{"embeddable":true,"href":"https:\/\/polymnia-revue.univ-lille.fr\/index.php\/wp-json\/wp\/v2\/users\/1"}],"replies":[{"embeddable":true,"href":"https:\/\/polymnia-revue.univ-lille.fr\/index.php\/wp-json\/wp\/v2\/comments?post=244"}],"version-history":[{"count":3,"href":"https:\/\/polymnia-revue.univ-lille.fr\/index.php\/wp-json\/wp\/v2\/pages\/244\/revisions"}],"predecessor-version":[{"id":281,"href":"https:\/\/polymnia-revue.univ-lille.fr\/index.php\/wp-json\/wp\/v2\/pages\/244\/revisions\/281"}],"wp:attachment":[{"href":"https:\/\/polymnia-revue.univ-lille.fr\/index.php\/wp-json\/wp\/v2\/media?parent=244"}],"curies":[{"name":"wp","href":"https:\/\/api.w.org\/{rel}","templated":true}]}}