{"id":236,"date":"2018-07-19T15:02:22","date_gmt":"2018-07-19T14:02:22","guid":{"rendered":"https:\/\/polymnia-revue.univ-lille3.fr\/?page_id=236"},"modified":"2018-07-19T15:02:22","modified_gmt":"2018-07-19T14:02:22","slug":"issue-2-2016","status":"publish","type":"page","link":"https:\/\/polymnia-revue.univ-lille.fr\/index.php\/issue-2-2016\/","title":{"rendered":"Issue 2 | 2016"},"content":{"rendered":"<p><strong>Jacqueline Fabre-Serris<\/strong><br \/>\n<span style=\"color: #e08c1b;\"><strong>Jeux et enjeux dans les reconstructions mythographiques des origines chez Virgile et Ovide : les exemples de Faunus et de Pan dans le Latium<\/strong><\/span> [<a href=\"https:\/\/polymnia-revue.univ-lille.fr\/pdf\/2016\/Polymnia-2-2016-1-Fabre-Serris-resume.pdf\">Abstract<\/a>][<a href=\"https:\/\/polymnia-revue.univ-lille.fr\/pdf\/2016\/Polymnia-2-2016-1-Fabre-Serris.pdf\">Full text<\/a>]<\/p>\n<p><strong>Arnaud Zucker<\/strong><br \/>\n<span style=\"color: #e08c1b;\"><strong>Plutarque et les noms des dieux \u00e9trangers<\/strong><\/span>\u00a0[<a href=\"https:\/\/polymnia-revue.univ-lille.fr\/pdf\/2016\/Polymnia-2-2016-2-Zucker-resume.pdf\">Abstract<\/a>][<a href=\"https:\/\/polymnia-revue.univ-lille.fr\/pdf\/2016\/Polymnia-2-2016-2-Zucker.pdf\">Full text<\/a>]<\/p>\n<p><strong>Charles Delattre<\/strong><br \/>\n<span style=\"color: #e08c1b;\"><strong>Provincial, \u00e9tranger, barbare ? L\u2019int\u00e9gration de la diversit\u00e9 linguistique dans le <em>De fluviis<\/em> du ps. Plutarque <\/strong><\/span>[<a href=\"https:\/\/polymnia-revue.univ-lille.fr\/pdf\/2016\/Polymnia-2-2016-3-Delattre-resume.pdf\">Abstract<\/a>][<a href=\"https:\/\/polymnia-revue.univ-lille.fr\/pdf\/2016\/Polymnia-2-2016-3-Delattre.pdf\">Full text<\/a>]<\/p>\n<p><strong>R. Scott Smith<\/strong><br \/>\n<span style=\"color: #e08c1b;\"><strong>Between Narrative and Allusion: Mythography in Pomponius Mela\u2019s<\/strong><\/span><em><span style=\"color: #e08c1b;\"><strong> Chorography<\/strong><\/span>\u00a0<\/em>[<a href=\"https:\/\/polymnia-revue.univ-lille.fr\/pdf\/2016\/Polymnia-2-2016-4-Scott-Smith-resume.pdf\">Abstract<\/a>][<a href=\"https:\/\/polymnia-revue.univ-lille.fr\/pdf\/2016\/Polymnia-2-2016-4-Scott-Smith.pdf\">Full text<\/a>]<\/p>\n<p><strong>S\u00e9verine Cl\u00e9ment-Tarantino<\/strong><br \/>\n<strong><span style=\"color: #e08c1b;\">Servius mythographe ? R\u00e9flexions \u00e0 partir du commentaire au chant 1<br \/>\nde l\u2019<em>\u00c9n\u00e9ide<\/em><\/span><\/strong> [<a href=\"https:\/\/polymnia-revue.univ-lille.fr\/pdf\/2016\/Polymnia-2-2016-5-Clement-Tarantino-resume.pdf\">Abstract<\/a>][<a href=\"https:\/\/polymnia-revue.univ-lille.fr\/pdf\/2016\/Polymnia-2-2016-5-Clement-Tarantino.pdf\">Full text<\/a>]<\/p>\n<p><strong>Rachel Darmon<\/strong><br \/>\n<strong><span style=\"color: #e08c1b;\">Trait\u00e9s sur les dieux et pratiques mythographiques de la premi\u00e8re modernit\u00e9 : tradition et actualisation<\/span><\/strong><em>\u00a0<\/em>[<a href=\"https:\/\/polymnia-revue.univ-lille.fr\/pdf\/2016\/Polymnia-2-2016-6-Darmon-resume.pdf\">Abstract<\/a>][<a href=\"https:\/\/polymnia-revue.univ-lille.fr\/pdf\/2016\/Polymnia-2-2016-6-Darmon.pdf\">Full text<\/a>]<\/p>\n","protected":false},"excerpt":{"rendered":"<p>Jacqueline Fabre-Serris Jeux et enjeux dans les reconstructions mythographiques des origines chez Virgile et Ovide : les exemples de Faunus et de Pan dans le Latium [Abstract][Full text] Arnaud Zucker Plutarque et les noms des dieux \u00e9trangers\u00a0[Abstract][Full text] Charles Delattre &hellip; <a href=\"https:\/\/polymnia-revue.univ-lille.fr\/index.php\/issue-2-2016\/\">Continuer la lecture <span class=\"meta-nav\">&rarr;<\/span><\/a><\/p>\n","protected":false},"author":1,"featured_media":0,"parent":0,"menu_order":0,"comment_status":"closed","ping_status":"closed","template":"sidebar-page.php","meta":{"footnotes":""},"class_list":["post-236","page","type-page","status-publish","hentry"],"jetpack_sharing_enabled":true,"_links":{"self":[{"href":"https:\/\/polymnia-revue.univ-lille.fr\/index.php\/wp-json\/wp\/v2\/pages\/236","targetHints":{"allow":["GET"]}}],"collection":[{"href":"https:\/\/polymnia-revue.univ-lille.fr\/index.php\/wp-json\/wp\/v2\/pages"}],"about":[{"href":"https:\/\/polymnia-revue.univ-lille.fr\/index.php\/wp-json\/wp\/v2\/types\/page"}],"author":[{"embeddable":true,"href":"https:\/\/polymnia-revue.univ-lille.fr\/index.php\/wp-json\/wp\/v2\/users\/1"}],"replies":[{"embeddable":true,"href":"https:\/\/polymnia-revue.univ-lille.fr\/index.php\/wp-json\/wp\/v2\/comments?post=236"}],"version-history":[{"count":1,"href":"https:\/\/polymnia-revue.univ-lille.fr\/index.php\/wp-json\/wp\/v2\/pages\/236\/revisions"}],"predecessor-version":[{"id":237,"href":"https:\/\/polymnia-revue.univ-lille.fr\/index.php\/wp-json\/wp\/v2\/pages\/236\/revisions\/237"}],"wp:attachment":[{"href":"https:\/\/polymnia-revue.univ-lille.fr\/index.php\/wp-json\/wp\/v2\/media?parent=236"}],"curies":[{"name":"wp","href":"https:\/\/api.w.org\/{rel}","templated":true}]}}