{"id":226,"date":"2018-07-19T14:58:28","date_gmt":"2018-07-19T13:58:28","guid":{"rendered":"https:\/\/polymnia-revue.univ-lille3.fr\/?page_id=226"},"modified":"2021-05-06T10:33:48","modified_gmt":"2021-05-06T09:33:48","slug":"this-journal","status":"publish","type":"page","link":"https:\/\/polymnia-revue.univ-lille.fr\/index.php\/this-journal\/","title":{"rendered":"This Journal"},"content":{"rendered":"<p style=\"text-align: justify;\"><img loading=\"lazy\" decoding=\"async\" class=\" size-full wp-image-37 alignleft\" src=\"https:\/\/polymnia-revue.univ-lille.fr\/wp-content\/uploads\/2015\/03\/statue-accueil-8.jpg\" alt=\"statue-accueil-8\" width=\"179\" height=\"259\" \/><\/p>\n<p style=\"text-align: justify;\">The international network <em>Polymnia<\/em>, created in 1999 by Jacqueline Fabre-Serris and Fran\u00e7oise Graziani to promote the study of the mythographical tradition in Europe from Antiquity to the 17<sup>th<\/sup> Century has developed two types of activities: a programme of conferences in the various partner institutions and the publications of bilingual texts with translations and notes in the series <em>Mythographes<\/em> (Presses Universitaires du Septentrion).<br \/>\nThe journal <em>Polymnia<\/em> continues the research programme of the network. It offers a space for interdisciplinary and diachronic reflection and debate about mythographical texts in Antiquity, in the Middles Ages, and in the Renaissance. \u00a0It aims to shed light on the variety of issues and approaches, to explore the complex relationships that these texts had with poetical and exegetical practices at different places and times, and to question the historical validity of the \u2018ancient science of myths\u2019 that has never stopped evolving in accordance with the religious, social and ideological mutations of European cultures from Antiquity to the 17<sup>th<\/sup> Century. This research field, demarcated by clear historical and cultural boundaries, is therefore distinct from the modern and contemporary analysis of myths.<br \/>\nThe review <em>Polymnia<\/em> therefore targets all researchers who are interested in these research perspectives providing them with a new tool for disseminating publications and helping to exchange views and share ideas.<br \/>\nThe issues of the journal are annual and multilingual. Each article, written in the language of its author, should be accompanied by a brief abstract and a list of keywords (See the section Rules for publications for additional details).<br \/>\nAll submissions for publication are refereed anonymously by two reviewers; in the event of differing assessments, a third referee will be solicited.<br \/>\nSubmissions should be sent to either of the two editors: Charles Delattre (charles.delattre at univ-lille.fr) and Jacqueline Fabre-Serris (jacqueline.fabre-serris at wanadoo.fr)<\/p>\n<p>Editorial Committee: Consuelo Alvarez (Universidad de Murcia), S\u00e9verine Cl\u00e9ment-Tarantino (Universit\u00e9 de Lille), Frank Coulson (Ohio State University), Maria-Luisa Delvigo (Universit\u00e0 di Udine), Fran\u00e7oise Graziani (Universit\u00e9 de Corse), Jordi Pamias (Universitat Aut\u00f2noma de Barcelona), Jean-Yves Tilliette (Universit\u00e9 de Gen\u00e8ve), Arnaud Zucker \u00a0(Universit\u00e9 de Nice).<\/p>\n<p style=\"text-align: justify;\">Scientific Committee: Minerva Alganza (Universidad de Grenada), C\u00e9line Bonhert (Universit\u00e9 d\u2019Amiens), Jacques Boulogne (Universit\u00e9 de Lille), David Bouvier (Universit\u00e9 de Lausanne), Esteban Calder\u00f3n Dorda (Universitad de Murcia), Robert Fowler (Bristol University), Greta Hawes (Australian National University), Giorgio Ierano (Universit\u00e0 di Trento), Fran\u00e7ois Lissarrague (EHESS), Giuseppe Ramirez, Scott Smith (University of New Hampshire), Sarah Spence (University of Georgia), Stephen Trzaskoma (University of New Hampshire).<\/p>\n<p>&nbsp;<\/p>\n","protected":false},"excerpt":{"rendered":"<p>The international network Polymnia, created in 1999 by Jacqueline Fabre-Serris and Fran\u00e7oise Graziani to promote the study of the mythographical tradition in Europe from Antiquity to the 17th Century has developed two types of activities: a programme of conferences in &hellip; <a href=\"https:\/\/polymnia-revue.univ-lille.fr\/index.php\/this-journal\/\">Continuer la lecture <span class=\"meta-nav\">&rarr;<\/span><\/a><\/p>\n","protected":false},"author":1,"featured_media":0,"parent":0,"menu_order":0,"comment_status":"closed","ping_status":"open","template":"sidebar-page.php","meta":{"footnotes":""},"class_list":["post-226","page","type-page","status-publish","hentry"],"jetpack_sharing_enabled":true,"_links":{"self":[{"href":"https:\/\/polymnia-revue.univ-lille.fr\/index.php\/wp-json\/wp\/v2\/pages\/226","targetHints":{"allow":["GET"]}}],"collection":[{"href":"https:\/\/polymnia-revue.univ-lille.fr\/index.php\/wp-json\/wp\/v2\/pages"}],"about":[{"href":"https:\/\/polymnia-revue.univ-lille.fr\/index.php\/wp-json\/wp\/v2\/types\/page"}],"author":[{"embeddable":true,"href":"https:\/\/polymnia-revue.univ-lille.fr\/index.php\/wp-json\/wp\/v2\/users\/1"}],"replies":[{"embeddable":true,"href":"https:\/\/polymnia-revue.univ-lille.fr\/index.php\/wp-json\/wp\/v2\/comments?post=226"}],"version-history":[{"count":3,"href":"https:\/\/polymnia-revue.univ-lille.fr\/index.php\/wp-json\/wp\/v2\/pages\/226\/revisions"}],"predecessor-version":[{"id":349,"href":"https:\/\/polymnia-revue.univ-lille.fr\/index.php\/wp-json\/wp\/v2\/pages\/226\/revisions\/349"}],"wp:attachment":[{"href":"https:\/\/polymnia-revue.univ-lille.fr\/index.php\/wp-json\/wp\/v2\/media?parent=226"}],"curies":[{"name":"wp","href":"https:\/\/api.w.org\/{rel}","templated":true}]}}